 is the tens digit of t?
1
Suppose 0 = 3*s + 13 + 2. Let f(h) = -h**3 - 3*h**2 + 2*h - 4. What is the tens digit of f(s)?
3
Suppose 5*z + 4*t - 37 = -0*t, 2*z + 4*t = 22. Let h be 24/z + 2/10. Suppose d + 8*x = 3*x - 4, 8 = h*d - 3*x. What is the units digit of d?
1
Suppose -3*x = -5*w + 4 - 14, -4*w + x = 8. Let s be (-2 - (-4)/2)/w. Suppose s*p + 8 = 2*p. What is the units digit of p?
4
Suppose x + 4*c = -19, 5*x = 3*c - 0*c - 72. Let n = 3 + x. Let l = -2 - n. What is the tens digit of l?
1
Let v(n) = 17*n**3 - n**2 - n - 1. Let f be 2/(3/3*-2). Let d be v(f). Let w = d - -25. What is the units digit of w?
7
Let o(r) = 2*r**2 + r - 1. What is the hundreds digit of o(9)?
1
Let k = 0 + -1. What is the units digit of 2 + k - (-5 - -3)?
3
Let r be (0 - (-4 - -1)) + -1. Suppose r*g + u - 23 = -0, -26 = -2*g + 2*u. What is the units digit of g?
2
Let x(u) = u**3 + 12*u**2 + 2*u - 3. Let g be x(-11). Suppose -2*r - g + 36 = 0. What is the units digit of (-3)/(-5) + (-312)/r?
1
What is the units digit of (8/(-5))/(6/(-30))?
8
Suppose 3*y + 127 + 86 = 0. Let n = -26 - y. Suppose w + 3 = -0, 3*f = w + n. What is the tens digit of f?
1
Suppose 1 - 5 = -w. Let a(q) = 3*q - 2 - 2 + 3 - 3. What is the units digit of a(w)?
8
Let b = 11 + -7. What is the units digit of (-3)/(b/(8/(-3)))?
2
What is the tens digit of (-87)/3*(-5 + (-5 - -4))?
7
Let z = 92 + 92. What is the tens digit of z?
8
Suppose -3*f - 5 = 7, 0 = x + 5*f + 112. Let m = 40 + -24. What is the units digit of m/24 - x/6?
6
Let g = 47 - 27. What is the tens digit of g?
2
Suppose 10*w = 5*w + 95. Let a = 12 - w. Let o = 12 + a. What is the units digit of o?
5
Suppose 4*j + 11 + 5 = 0. Let b = j - -7. Suppose 3*s - 8 - 22 = -b*l, 0 = -s. What is the units digit of l?
0
Let n = -9 + 51. What is the units digit of n?
2
Let a be 9 + -1 - (2 + -4). Let l = a + -3. Let n(f) = -f**3 + 7*f**2 + f + 6. What is the units digit of n(l)?
3
Suppose 4*s - 5*s + 4 = 0. What is the units digit of s?
4
Suppose -3*g + 4 = -8. Let v(n) = -1 - g*n + 5 + 3*n. What is the units digit of v(3)?
1
Let n(i) = i**3 + 3*i**2 - 3*i - 1. Let s be n(-2). Let j = 12 + -11. Suppose -s - j = -2*a. What is the units digit of a?
5
Suppose 3*l + 2 = -a - 10, -2*a - 4*l - 14 = 0. Suppose a*r - 12 = 0, -4*k + 137 = 5*r - 63. Suppose 7*w - k = 4*w. What is the units digit of w?
5
Let o(d) = 5*d**3 - 2*d**2 + 1. Let b be o(1). Suppose 0 = b*z - 168 - 44. What is the units digit of z?
3
Suppose 0*v + 4*v - 6 = -3*t, -4*t - 4*v = -8. What is the units digit of t?
2
Let p be ((-2)/(-5))/(1/5). Let g be 0*p*(-1)/(-4). Suppose -3*a + g*a + 30 = 0. What is the units digit of a?
0
Let a(i) = i - 1. Let o be a(6). Suppose 0 = -o*d - 4*u + 20 + 13, 4*u + 2 = 2*d. Suppose -d*j = 3*v + 6, -2*j + 6*j + 3 = -3*v. What is the units digit of v?
3
Let r = 4 - 2. Let p = 10 + r. What is the units digit of p?
2
Suppose -i - 7 = -5*o, -3*o - 2 = 2*o - 4*i. Let a(j) = -j**2 + j - 10. Let x(p) = 2*p**2 + 10. Let t(s) = o*x(s) + 3*a(s). What is the units digit of t(-7)?
8
Let k = 23 - 3. Let j be k/(-6) + (-2)/3. What is the units digit of 1 - (-2 - (-2 - j))?
5
Let k = 3 - 4. Let s = 4 - k. What is the units digit of s?
5
Suppose -4*b + 19 + 25 = 0. Let h = b - 4. What is the units digit of h?
7
Suppose -6 = -2*g + 54. Let a = 61 - g. What is the tens digit of a?
3
Let g = 2 + -5. Let p(y) = y**2 + 3*y + 1. Let z be p(g). What is the units digit of 1/z*-3*-2?
6
Let l = -1 + 1. Let y = l - -5. What is the units digit of y?
5
Let p = -106 - -122. What is the tens digit of p?
1
Suppose 5*i + 24 + 41 = 0. Let a(f) = f**3 + 13*f**2 + f + 19. What is the units digit of a(i)?
6
Suppose 0 = -i - 3*i. Let k(d) = d + 7. Let v be k(-5). What is the units digit of (1 - i) + 3 - v?
2
Suppose 2*c = -5*o + 86, -4*c + 207 + 1 = o. What is the units digit of c?
3
Suppose 0 = -0*u - 5*u - 45. Let a = u - -12. Suppose 3 = -a*s + 24. What is the units digit of s?
7
Let v = 5 - 5. Let x = v + 2. Suppose 4*b - 4*t - 70 = -2*t, 0 = -2*b - x*t + 20. What is the tens digit of b?
1
Let j be 27*((-26)/(-6) + -4). Suppose -3*w + i + j = -2*w, 20 = 4*i. What is the tens digit of w?
1
Suppose 0 = 2*g + 3*g. What is the tens digit of (52 - g)*(-8)/(-16)?
2
Let b(l) = 5*l**2 + l + 1. Let a be b(-1). Suppose -t - 43 = -a*t - 3*v, 2*v = 2*t - 32. What is the units digit of t?
3
What is the units digit of (4 - -27)*(6/2 - 2)?
1
Let i be ((-4)/(-6))/(7/(-84)). Let n = 9 + i. What is the units digit of n?
1
Suppose 0 = -4*o + 3*o - 5*r + 45, 4*o = 3*r + 157. What is the units digit of o?
0
Let d = 2 - 1. Let c be (2 - d)/(3/15). Suppose c*t + j = 0, -t - 3*j - 22 + 8 = 0. What is the units digit of t?
1
Let a = -101 - -164. What is the tens digit of a?
6
Let v = 8 + -1. What is the units digit of v?
7
Let w be (-2)/(-10) - 29/(-5). Let f be 1 - 0/(1 + 0). Let a = w + f. What is the units digit of a?
7
Let z = -5 + -9. Let w = -4 - z. What is the tens digit of w?
1
Let j = 53 + 2. Let i = 115 - j. What is the units digit of (4/(-6))/((-2)/i)?
0
Let u(o) = 2*o - 6. Let x be u(7). Suppose 0 = k + 13 + x. Let j = -11 - k. What is the tens digit of j?
1
Let j(t) = -t**2 + 5*t - 4. Let g be j(7). Let l be -1 + 3 - 5 - g. What is the units digit of 220/l - 1/(-3)?
5
Let v = 187 - 125. What is the tens digit of v?
6
Let k = 9 + -3. What is the units digit of k?
6
Let h(x) = x**2 - 10*x + 13. Let v be h(7). Let q(i) = -i**2 - 10*i - 2. What is the units digit of q(v)?
4
Suppose 2*d + 0 = -10. Let q = d - -9. Suppose -22 = -q*n + 50. What is the tens digit of n?
1
Let j be 7/2*(0 - -2). Let q = 5 - -12. Let t = q - j. What is the units digit of t?
0
Let m(i) = -i**2 + 11*i - 9. What is the tens digit of m(6)?
2
Let r(b) = b**2 + 6*b - 4. Let k be r(-7). Let m(g) = -18*g - 3. Let x be m(-3). Suppose -3*p + x = -k. What is the tens digit of p?
1
What is the hundreds digit of (-1 + 8/4)*(-2 + 324)?
3
Let m be 5*1*8/20. Suppose v = -4*i + 16, -m*v - v + i = -113. What is the tens digit of v?
3
Suppose -533 = -5*w + 167. What is the hundreds digit of w?
1
Suppose 3*p + 5 = 2*w, -w = 2*p - p - 5. Suppose -w = -k - k. What is the units digit of k?
2
Let o = 251 - 176. What is the units digit of o?
5
Suppose 18 = -t + 4*t. Suppose 0 = t*p - 4*p - 2. What is the units digit of p?
1
Let m(g) = g**3 + 6*g**2 + 4*g - 2. Let h = -8 - -3. What is the units digit of m(h)?
3
Let v = 4 + -8. Let n be v/(-10) - (-6)/10. Suppose -u + n = -0*u. What is the units digit of u?
1
Let l(u) = 4*u**2 + u + 1. Let f be l(-2). Let h be 0 + (-3)/(9/(-6)). Suppose 0 = j + h*j - f. What is the units digit of j?
5
Let c = -4 + 10. Suppose -4*n = -6 - c. Let k(g) = g**2 - g + 3. What is the units digit of k(n)?
9
What is the units digit of 4*-1 - (28 + -51)?
9
Let a = -13 + 16. Let x(k) = -k**3 + 5*k**2 - 3*k - 3. What is the units digit of x(a)?
6
Let g be (-1)/(-4) - (-58)/(-8). Let c be 6*((-42)/(-4))/g. What is the tens digit of 2/(-3)*c*2?
1
Suppose -5*s + 20 + 80 = 0. What is the tens digit of s?
2
Let j = -8 - -10. Suppose -4*a + 3*w = -120, 0 = -2*a - j*a - 5*w + 120. What is the units digit of a?
0
Suppose a - 205 = -4*a. What is the units digit of a?
1
Let v(f) = 3*f**2 - 20*f + 14. What is the hundreds digit of v(10)?
1
Suppose -f + 4*j = 15, -7*f + 3*f - 3*j + 35 = 0. Suppose 0 = -4*o + 4*d + 28, -f*o + 3*d = d - 50. Suppose -2*z + o = 2*z. What is the units digit of z?
3
Suppose 0 = -t + 2*t - 85. Suppose t = 4*j + j. What is the tens digit of j?
1
Let i(w) = -w**2 + 3. Let l be i(-5). What is the units digit of 5 + 1 - l/(-11)?
4
Suppose 2*j = -4*x + 12, -2*j - 18 = 2*x - 7*j. What is the units digit of x?
1
Suppose 5*w - 68 = -2*r, 6*r + 61 = 4*w + r. Let a = -19 + 11. Let y = w + a. What is the units digit of y?
6
Let a be -16 + -2*(-1 + 0). What is the units digit of (-88)/a - 2/7?
6
Suppose a = -0*a + 2. Suppose -a*d = -d. Suppose 0 = -5*s - 2*c + 9, d*c = -5*s - 4*c + 3. What is the units digit of s?
3
Let x = 17 + 4. What is the tens digit of x?
2
Let f = -1 - 2. What is the units digit of (-11)/(-2) + f/2?
4
Let d(q) = 12*q**2 - 2*q + 2. What is the tens digit of d(2)?
4
Let j = -6 + 0. Let m = -5 - j. What is the units digit of m?
1
Let o(s) be the third derivative of -s**4/24 + s**3/6 - 6*s**2. What is the